 6/27 is divided by v.
8
Let z(v) = -13*v - 80. What is the remainder when 32 is divided by z(-7)?
10
Suppose -2*j + 14 + 0 = 0. Suppose -5*z = -j*z + 18. Calculate the remainder when 52 is divided by z.
7
Let u(z) = z**2 + 5*z - 4. Let n be u(7). Suppose -r + i = -n, -r = -4*i - 3 - 89. What is the remainder when r is divided by 11?
10
Suppose 2*k = 3*k - 15. What is the remainder when (5/k)/((-2)/(-258)) is divided by (11/2)/((-3)/(-6))?
10
Suppose 4*b - 336 = -2*f, -3*b + 0*f = 4*f - 257. Calculate the remainder when b is divided by 13.
5
Let f(x) = 6*x**3 - x**2 + 2. Calculate the remainder when f(4) is divided by 12.
10
Suppose 5*c + 99 = 4*r + 114, -3*c + 46 = 5*r. Calculate the remainder when 94 is divided by c.
3
Suppose u + 4*u + 218 = f, 3*f + 4*u - 559 = 0. What is the remainder when f is divided by 15?
13
What is the remainder when 592 is divided by 240/(-30) + 74/1?
64
Let v = 35 - -127. What is the remainder when v is divided by 56?
50
Suppose -4*l = -17 - 27. Let t = 217 - 140. Suppose 0 = -4*f + t + 51. What is the remainder when f is divided by l?
10
Suppose 8*u - 36*u + 8708 = 0. Calculate the remainder when u is divided by 104.
103
Let q(t) = -3*t**3 - 4*t**2 - 5*t + 5. Let m be (3 - (1 + 5)) + 0. What is the remainder when q(m) is divided by 14?
9
Suppose 0*z + 468 = 3*z. Suppose p = -4*p + 4*t + 193, -4*t = -4*p + z. Calculate the remainder when p is divided by (1*3)/(21*(-5)/(-350)).
7
Suppose -2*b + 3*z + 79 = -55, 0 = 5*z - 10. Let y = -53 + b. What is the remainder when 65 is divided by y?
14
Let o(t) = -t**3 + 28*t**2 + 31*t + 52. Calculate the remainder when o(29) is divided by (-993)/(-27) + (-2)/(-9).
36
Let o(z) = -z**2 + 10*z. Let s(y) = y**2 - 5*y + 7. Let c be s(5). Calculate the remainder when o(c) is divided by ((-16)/6 - -3)/(2/72).
9
What is the remainder when ((-13)/39)/(2/(-384)) is divided by 26?
12
Suppose -4*z - 4 - 20 = 0. What is the remainder when 78 is divided by (((-243)/z)/(-3))/(1/(-2))?
24
Let q = 28 + -24. Suppose -4*n = 2*u - 68 - q, 3*n = 4*u + 54. Suppose -54 = -2*t - n. What is the remainder when t is divided by 5?
3
Suppose 5*k + 5*w - 847 = k, 2*k = -w + 425. Calculate the remainder when k is divided by (-160)/48*(-162)/10.
51
Let a = 20 + -31. Let n = 31 + a. Calculate the remainder when 38 is divided by n.
18
Suppose 2*y + 5*m = 18, 0 = 2*y - 3*m - 2. Suppose 0 = -0*x + 5*x + y*j - 98, -j = -5*x + 88. Calculate the remainder when 70 is divided by x.
16
Let o = 27 + 4. Suppose 2*b + 63 + o = 0. Let q = b + 129. Calculate the remainder when q is divided by 17.
14
Let d be 628/(-8)*2*-1. Let i = d + -229. What is the remainder when 50 is divided by 1/((-76)/i - 1)?
14
Let l(t) = 3*t**2 - 2*t - 17. Let z(u) = u**3 - 8*u**2 - 21*u + 6. Let v be z(10). Calculate the remainder when l(v) is divided by 21.
18
Let r(y) = -y**2 - 6*y + 6. Let c be (50/15)/((-4)/6). What is the remainder when 32 is divided by r(c)?
10
Let v(i) = -3*i**2 + 112*i + 108. Let j(p) = -p**2 + 38*p + 36. Let c(t) = -11*j(t) + 4*v(t). Calculate the remainder when 26 is divided by c(31).
1
Let x = 462 - 438. Calculate the remainder when 310 is divided by x.
22
Let g(w) = -10*w**2 - 2*w - 2. Let k be g(-2). What is the remainder when 71/2 + (-1)/(-2) is divided by k*3/6*-1?
17
Let b = 26 + -36. Let k be (4/b)/(2/(-10)). Suppose -r - k = 3*a - 9, 0 = -3*a + 2*r + 13. What is the remainder when a is divided by 3?
0
Let p = -11 + -2. Let r = p - -95. Calculate the remainder when r is divided by 14.
12
Let u(i) = -14*i + 5. Calculate the remainder when u(-3) is divided by 20.
7
Suppose -3*l + 4*i = -226, -l + 5*i = -4*l + 244. What is the remainder when l is divided by 19?
2
Suppose 0*s - 5*s + 10 = 0. Suppose 4*m = s*m. Suppose m = 6*y - 5*y - 12. Calculate the remainder when 22 is divided by y.
10
Let f(b) = 3*b**2 - 124*b + 189. What is the remainder when 1680 is divided by f(40)?
27
Let x = 111 + -96. What is the remainder when 188 is divided by x?
8
Let f(n) = -n**2 - 5*n - 2. Let b be f(-4). Suppose b*z + 50 = 5*q, -q - 4 - 4 = -4*z. What is the remainder when (-210)/q*(1 - 3) is divided by 19?
16
Let p(y) be the first derivative of 7*y**2/2 + 3*y - 2. Let f be p(6). Calculate the remainder when 13 is divided by (-4)/18 - (-370)/f.
5
Suppose 45 + 5 = 5*b. Let c = b - 1. What is the remainder when 12 is divided by c?
3
Let v = 561 + 97. Calculate the remainder when v is divided by 55.
53
What is the remainder when 25/4*(-5 - (-114 + 9)) is divided by 57?
55
Suppose -3*w - 20 = -2*i - 3, -6 = 2*w. Suppose 9 = i*h - 3. Suppose 3*l = -3*k + 183, -258 = -2*l - 2*l + h*k. Calculate the remainder when l is divided by 16.
15
Suppose d + 2 = 3. Suppose 2*b - 1 = w, b - 5*b = w + d. Suppose 5*g - 65 = -b. Calculate the remainder when 50 is divided by g.
11
Suppose 5*v + 7 = 17. Suppose v*x = g - 4, -5*g = 5*x - 7 - 13. Suppose 5*c = -3 + 18. What is the remainder when g is divided by c?
1
Calculate the remainder when -2*-26*3/12 is divided by 1.
0
What is the remainder when 1*-2*((8 - 19) + -371) is divided by 15?
14
Let s(r) = r**3 - r**2 - r - 4. Let g = 11 + -7. Suppose 124 = 3*b + i, -b - 4*i - 119 = -g*b. What is the remainder when b is divided by s(3)?
8
Let d(f) = 4*f - 3. Let v = 188 + -92. What is the remainder when v is divided by d(9)?
30
Suppose 2 = 3*o - 7. Suppose -13 = -o*h + 20. What is the remainder when h is divided by 4?
3
Let t(s) = -4*s + 3. Let v(x) = -4*x**2 - 1. Let g be v(1). What is the remainder when t(g) is divided by 14?
9
Suppose -7 = -2*r + 3. Suppose r = 3*h - 19. Calculate the remainder when 15 is divided by h.
7
Let b(a) = 3*a**2 + 4*a - 5. Let d(t) = -4*t**2 - 4*t + 6. Let x(m) = 5*b(m) + 4*d(m). Let w be x(4). What is the remainder when 37 is divided by (7/2 + w)*4?
7
Let u(s) = s**2 + 12*s - 1. Calculate the remainder when (-1 + 5 - 27)/(2 + -3) is divided by u(-13).
11
Suppose 3*m = -v - 20, 11 = 3*m - v + 39. Let y be (-68)/(-18) - m/36. Suppose n + 3*u + u - 24 = 0, -n = -y*u. Calculate the remainder when 45 is divided by n.
9
Let t(q) = q + 1. Let s be t(2). Let w be (1 - (-1)/(-9)*6)*195. Suppose -7*y + s*y + 56 = 4*v, 5*y + 4*v = w. What is the remainder when y is divided by 5?
4
Let j(x) = -x**3 + 2*x**2 - x + 676. What is the remainder when j(0) is divided by 6?
4
Suppose 16 = 4*b, 4*g - 25*b = -28*b + 4000. What is the remainder when g is divided by 10?
7
Let z(i) = 19*i - 84*i**2 + 86*i**2 - 1 - 5*i. What is the remainder when z(-11) is divided by 15?
12
Calculate the remainder when (924/(-24) - 2)/((-3)/4) is divided by 3.
0
Let g(f) = 22*f + 1. What is the remainder when ((-394)/(-6))/1 - 18/162*-12 is divided by g(1)?
21
Suppose 669 = 21*z + 249. Calculate the remainder when 71 is divided by z.
11
Suppose 5*a - 120 = -3*i, 4*i + 0*i + 20 = 0. Calculate the remainder when 100 is divided by a.
19
Suppose -4*u + 49 = -2*u - 5*o, -3*u - 5*o + 36 = 0. What is the remainder when 23 is divided by u?
6
Suppose -3 = -3*u + 3. Suppose 0 = 5*b + 10, 4*y - u*b - b - 90 = 0. Suppose 5*c - 2*c - 249 = 0. Calculate the remainder when c is divided by y.
20
Let m be 1125/12 - 2/(-8). Let v = -49 + m. What is the remainder when v is divided by 12?
9
Suppose 27 - 7 = 5*z. Suppose -z*a + 12 = -0*a. Suppose 3*g = -a + 21. Calculate the remainder when g is divided by 2.
0
Let q(g) = -g**2 + 28*g + 111. Suppose -4 = 2*n, -p + 42 = p + n. What is the remainder when q(29) is divided by p?
16
Let y = 48 + -29. Suppose 2*i + 180*n - 4 = 179*n, 3*n + 28 = 4*i. What is the remainder when y is divided by i?
3
Let n = -318 - -370. Calculate the remainder when 204 is divided by n.
48
Let n = 19 + -13. Let d be 291/2 + 7/(-14). Suppose -7*j - 33 = -d. Calculate the remainder when j is divided by n.
4
Let x be 1 - (0 - -1 - -2). Let d = -5869 - -5922. What is the remainder when d is divided by (38/(-8))/(x/8)?
15
Let k(m) = -2*m**2 - 9*m + 10. Let p be k(-7). Calculate the remainder when (1 - (2 - 0))*-24 is divided by (-4 + p/10)*-2.
11
Suppose 0*t + 24 = 3*t. Let s be ((-35)/28)/((-2)/t). Suppose -2*k - n + 38 = 0, -s*k - 10 = -4*n - 118. What is the remainder when 56 is divided by k?
16
Let f(b) = 3*b**2 + 6*b - 3. Let g(t) = -t + 6. Calculate the remainder when f(-6) is divided by g(-8).
13
Let w = 71 - 3. 